of (2/(-6))/((-6)/468)?
6
Let p = -2 - -7. What is the units digit of p/4 + (-1)/4?
1
Let o(i) = i + 3. Let w be -3 + 7 + -1 + 0. What is the units digit of o(w)?
6
Let f be (28/(-6))/(16/(-216)). Suppose -5*v = 13 - f. What is the tens digit of v?
1
What is the units digit of 14/(-35)*(1 - 151)?
0
Suppose 4*u = -r + 197, 4*r - 20 = 2*u - 96. Suppose 2*m + 2*m - u = 0. What is the units digit of m?
2
Let q be 2/(-8)*(-7 - -3). Let f = 4 + q. Let t(r) = 2*r - 4. What is the units digit of t(f)?
6
What is the units digit of (-14)/(-3) + 2/6?
5
Suppose -2*v - 24 = -4*f, 5*f + 4*v = -0*v + 17. What is the units digit of (5 - 0)*4/f?
4
What is the tens digit of (-4 - 1)*(-123)/5 + -2?
2
Let g(m) be the first derivative of 3*m**2/2 + 3*m + 2. Let r be g(-6). What is the units digit of ((-42)/r)/(4/10)?
7
Suppose 2*y - 3*a - 1 = 0, 2 = 5*a - 3*a. Let p = y + -1. Suppose 2*s - p = s. What is the units digit of s?
1
Let d(x) = x - 1. Let j(a) = 2*a**2 + 3*a + 4. Let k(z) = -z**2 + 1. Let v(y) = -j(y) - k(y). Let w(p) = 3*d(p) - v(p). What is the units digit of w(-6)?
2
Let u(d) = -d**2 - 7*d - 9. What is the units digit of u(-3)?
3
Suppose 3*u - 395 = 2*q + 1, -5*u = 2*q - 644. What is the hundreds digit of u?
1
Suppose 7*l + 39 = 8*l. What is the units digit of l?
9
Let l be (-1)/(-2) + (-4)/8. Suppose 0*v = -3*v + 9, l = s + 3*v - 18. What is the units digit of s?
9
Suppose 3*i - s - 82 = -0*i, -5*i = 2*s - 122. What is the tens digit of i?
2
Suppose 4*b - 3*q - 44 = 0, q - 3*q + 8 = 2*b. What is the units digit of b?
8
Suppose 0 = -5*h - v + 28, 4*v - 18 = -h - 1. Suppose -h = -6*l + l. What is the tens digit of (-10)/((l - 2)*1)?
1
Suppose -4*t - 16 = -5*z, -5*t + 4*z - 15 = -z. Let f be (-2)/(t/2*-1). Suppose -20 = -4*y - 4, 4*q + f*y = 32. What is the units digit of q?
4
Let b(h) = h**2 - 8*h. Let u be b(8). Suppose 4*q = -u*q - 3*m + 47, -2*q = -4*m - 40. What is the units digit of q?
4
Let v = 79 - 29. What is the tens digit of v?
5
What is the tens digit of 1*(8 - (-4 - -1))?
1
Let t(b) be the first derivative of 1/2*b**2 + 1/4*b**4 + 2 - 3*b - 7/3*b**3. What is the units digit of t(7)?
4
Let r(y) be the second derivative of -y**3/6 + y**2 + 9*y. What is the units digit of r(-2)?
4
Suppose -3*b + 187 = -4*p, 3*b - 49 = 2*b - 2*p. What is the tens digit of b?
5
Suppose -y - 52 = c - 140, -5*c + 161 = 2*y. Suppose 4*h - 73 = -p, -4*h - p - 4*p = -y. Let w = h + -9. What is the units digit of w?
8
Let c = -2 + 7. Let y be (4 - 5)/((-2)/(-8)). Let p = c + y. What is the units digit of p?
1
Let l(a) = -3*a + 5*a - 2*a - 9 + a**2 + 6*a. What is the units digit of l(-8)?
7
Let m(w) = -7*w**3 + 5*w - 11. Let y(f) = -15*f**3 + 11*f - 23. Let r(k) = -13*m(k) + 6*y(k). Let q = 1 - 1. What is the units digit of r(q)?
5
Let u be (-16)/72 - 52/9. Let k = 16 - u. What is the units digit of k?
2
Suppose -8*n + 3*n + 115 = 0. What is the units digit of n?
3
Suppose 0 = b - 2 - 1. Suppose b*n + 0*n = 78. What is the tens digit of n?
2
Let b be 12*1/(-6)*4. Let g(q) = -q**2 - 11*q - 8. What is the units digit of g(b)?
6
Suppose 0 = m - 4*m. Suppose q - 49 = -m*q. What is the tens digit of q?
4
Suppose -5*n = -2*n. Let z be 0 + ((-8)/(-2))/4 + -1. Suppose n = y - b + 2, -2*b = 2*y - z*b - 16. What is the units digit of y?
3
Let s = 11 + 2. Let f = 21 - s. Let m = -1 + f. What is the units digit of m?
7
Let t be ((-10)/(-3))/(3/18). Suppose 0 = -4*x - x + t. Let q(v) = v - 3. What is the units digit of q(x)?
1
Suppose -3*i - 792 = -5*p, -p + 157 = -0*i - 2*i. What is the tens digit of p/15 + 2/5?
1
Let c(n) = 10*n - 8. What is the tens digit of c(5)?
4
Let j = -3 - -3. Let l = 7 + j. What is the units digit of l?
7
Suppose -2*i = -3*i. Suppose -d + i = 1. Let a = d + 2. What is the units digit of a?
1
Let v be (-2)/((-10)/(-4) - 2). Let c = v + 4. Suppose c = 3*d - 0*d - 18. What is the units digit of d?
6
Let c(l) = 2*l - 8. Let n be c(9). What is the units digit of n/3 + 20/30?
4
Suppose -2*k = -u - 680, -2*u = k + 2*k - 1006. What is the hundreds digit of k?
3
Suppose 25 = 5*l, 0 = -0*w + 2*w - 3*l - 111. What is the tens digit of w?
6
Suppose 0 = 5*x - 4*d - 0*d - 180, 3*d - 215 = -5*x. What is the units digit of x + 1/2*-6?
7
Let j = -10 + 16. Let m(v) = -v**3 + 6*v**2 + 2*v + 3. What is the units digit of m(j)?
5
Let l = -33 - -58. Suppose l = -4*x - x. Let q = -4 - x. What is the units digit of q?
1
Suppose -8 = -3*y + 1. Suppose -j - y*u + 16 = -0*j, 0 = -2*u. What is the units digit of j?
6
Suppose 5*f - 1861 = -601. What is the units digit of f?
2
Let z(a) = -25*a - 1. What is the tens digit of z(-1)?
2
Let z(c) = c**3 - 2*c + 4. Let d be z(3). Let i(f) = f**3 - 2*f**2 + f + 1. Let p be i(2). Suppose -p*h + d = 7. What is the units digit of h?
6
Let v(w) = w**2 - 2*w - 3. Let m(r) = -r**3 + 3*r**2 + 5*r. Let q be m(4). What is the units digit of v(q)?
5
Suppose -4*i - 10 = -250. Suppose 2*m + 2*l = i, -3*l + 38 = -2*m + 3*m. What is the tens digit of m?
2
Suppose 0*c + 31 = c. Let j = 4 + c. What is the units digit of j?
5
Let j = 2 - 1. Let p be (-5)/j*6/(-10). Suppose -p*r - 8 - 4 = -4*y, 0 = -4*y - r + 12. What is the units digit of y?
3
Let b = -3 + 3. Suppose -4*s + 28 = -b. Let l = 10 + s. What is the tens digit of l?
1
Let a = 60 - 120. Let n = -33 - a. What is the tens digit of n?
2
Suppose 4*y + 42 = 6*y. Let v = -17 + y. What is the units digit of v?
4
Let j(d) = 41*d - 22. What is the units digit of j(2)?
0
Let c(r) = -r**3 - 18*r**2 - 28*r + 2. What is the tens digit of c(-17)?
8
Suppose -5 = -0*i - 5*i. Suppose 2*x + 3*x - 13 = l, i = 2*l - x. What is the tens digit of 9 - (-2)/(l/1)?
1
Let d(l) = l**3 + 3*l**2 - l. Let s(o) = o + 1. Let a(v) = d(v) - 5*s(v). What is the units digit of a(-4)?
3
Let z(t) be the third derivative of -t**4/12 - 2*t**3/3 - t**2. Let r be z(-3). Suppose 5*i - 4 = -y, 5*y + r = -i - 2. What is the units digit of i?
1
Suppose 3*r + 3 = -4*d, 2*r + 4*d + 7 = 1. What is the units digit of r?
3
Let g be 7 + 2 + -1 + -2. Let l(d) = d**2 - 5*d - 4. Let k be l(g). Suppose 3*n + 7 = -k*a + 24, -n = a - 6. What is the units digit of n?
5
Let i be 21/15 + 6/10. Suppose -2*p - 29 = -3*p + i*x, x = -p + 41. What is the units digit of p?
7
Suppose 0*j = -3*j + 6. Let m(u) = j + 4*u - 1 - 2. What is the units digit of m(2)?
7
Let u(s) = s**2 - 3. What is the tens digit of u(10)?
9
Let w(n) = n**3 - 5*n**2 - 4*n + 2. Suppose 5*z - 2*o - 30 = -5*o, 0 = 2*z + 2*o - 12. What is the units digit of w(z)?
4
Let w(n) = -n**3 - 13*n**2 - n - 12. What is the units digit of w(-13)?
1
Let t(z) = z**2 + 7*z + 6. Let u be t(-6). Suppose -a - 1 - 2 = u. What is the units digit of (-16)/(-2) - a - -2?
3
Let a(i) = -8*i + 4*i - 3*i**2 + 2*i**2 - 1. Let m be a(-3). Suppose h - 14 = o, -h + m*o = -14 - 5. What is the units digit of h?
9
Let u = 45 - -72. What is the hundreds digit of u?
1
Suppose -3663 = -15*j - 468. What is the hundreds digit of j?
2
Suppose p + 4 = 7. Suppose 3 = -3*k + 3*q, 0 = -3*k + 4*q - 11 + p. Suppose m - k*m + 30 = 0. What is the units digit of m?
0
Suppose 2*n + 42 = -n. What is the tens digit of n*(4/8 + -3)?
3
Let a be ((-6)/(-4))/(6/8). Let j be 46/(-6) - a/6. What is the units digit of (5/(-4))/(2/j)?
5
Let k(a) = 14*a - 6. What is the units digit of k(5)?
4
Let s(p) be the third derivative of p**5/60 - p**4/24 + 2*p**2. What is the units digit of s(-4)?
0
Suppose -7*g + c = -2*g - 304, 187 = 3*g + 4*c. What is the tens digit of g?
6
Let u = 350 - 231. What is the hundreds digit of u?
1
Suppose 2*d + 20 - 280 = 0. What is the tens digit of d?
3
Let u(f) = f - 6. Let a be u(6). Suppose -4*o - 3*p + 24 = a, -2*p + 4*p = -o + 11. What is the units digit of o?
3
Suppose -22 = -i - 5. What is the units digit of i?
7
Let d(u) = u**2 + 6*u + 6. What is the units digit of d(-9)?
3
What is the tens digit of -4*(2 - (0 - -7))?
2
Let x(y) = 7*y**2 + 3*y + 2. What is the units digit of x(-2)?
4
Let b(y) = y**2 - 5*y - 1. Let p(v) = -1. Let k(w) = -b(w) + 4*p(w). Let r be k(4). Suppose 0 = 5*f - 34 - r. What is the units digit of f?
7
Let v = 94 + -17. What is the units digit of v?
7
What is the units digit of 6 + 1908/30 + (-6)/10?
9
Let c(h) = h - 7. Let r be c(6). What is the tens digit of ((-5)/5)/(r/11)?
1
Suppose -2*j 